 - 306 + 5*d - 8*d. Let j be m(-8). Give n(j).
2
Let w(r) = -35 - r**2 + 68 + 7*r**2 - 42 + 24*r + 60*r. Calculate w(-14).
-9
Let j(f) = -2*f**2 + 83*f - 117. Let k be j(40). Let p(o) = -45*o**3 - 17 + 44*o**k + 16 + 8*o**2. Give p(8).
-1
Let x(c) be the second derivative of -c**6/360 - c**5/10 + c**4/24 + 26*c**3/3 - 5*c + 7. Let b(a) be the second derivative of x(a). Determine b(-10).
21
Let p(v) = -1768 + 879 - 39*v + 885. Give p(-2).
74
Let m(a) = -a**2 + 14*a + 29. Suppose 488*x = 491*x + 4*j - 72, -30 = -5*j. Give m(x).
-3
Let m be ((-40)/(-64))/(1350/2160). Let l(d) = 0*d**2 + 0*d**2 - 7*d**3 - d. What is l(m)?
-8
Let u(y) = -9*y**2 - 33*y + 4. Suppose 184 = 318*q - 151*q - 213*q. Calculate u(q).
-8
Let p(u) = -u**3 - 4*u**2 + 8*u + 5. Suppose -2*v - 5 = -77. Suppose -4*g = -2*s + 24, -5*g + 2*s - v = -2*s. Let x = -9 - g. Determine p(x).
-10
Suppose -15*j + 125 = -10. Let h(r) = 1 + j*r - 20*r + 3*r + 12*r. What is h(1)?
5
Let l be -6 - -3 - (-11 - 0). Let o(y) = -3*y - l + 4*y - 4*y + 6. Let r(j) = -j**3 - 2*j**2 + 3*j - 4. Let a be r(-3). Give o(a).
10
Let t(z) = 3*z + 1. Suppose 0 = -4*d - 5*q - 7, -4*d + 7*d - 21 = 5*q. Suppose 0 = -d*y + 8*y + 42. Give t(y).
-20
Let c(k) = 10*k**2 - 9*k - 3. Let r be 5 - (4 + 1 + 6). Let t(w) = 11*w**2 - 10*w - 4. Let o(u) = r*c(u) + 5*t(u). Calculate o(2).
-14
Let y(a) = -4*a + 19. Let l(o) = -10*o + 50. Let p(w) = -10*l(w) + 26*y(w). Determine p(-8).
26
Let o = 19113 - 3393. Let k(x) = -o*x - x**3 + 3*x**2 + 15723*x + 3 + 2. What is k(4)?
1
Let a(r) = 7 - r + 10 - 6. Let k(j) = -4*j + 46. Let t be k(16). Let p be 0/((-19)/(-17) - t/(-153)). What is a(p)?
11
Let l(d) = d**2 - 10*d - 6. Suppose -v - 69 = -p - p, 3*v + 4*p + 167 = 0. Let j = v + 149. Suppose 5*k - 13*k = -j. Give l(k).
5
Let f(a) = -7*a**3 - 17*a**2 - 94*a - 10. Let w(u) = 20*u**3 + 52*u**2 + 264*u + 28. Let n(z) = -11*f(z) - 4*w(z). Give n(-1).
2
Let k(p) be the third derivative of p**5/30 + p**4 - 47*p**3/3 - 570*p**2. What is k(3)?
-4
Let y(d) = 4*d + 5. Let i(l) = -l**2 + 3. Suppose -x - 18 = -a - 2*a, 2*a = 3*x + 19. Let s be i(x). Let t be 2/s - 28/6. Calculate y(t).
-15
Let g = 6 + -3. Let d(y) = 27*y - 144. Let p(n) = 152*n - 806. Let m(w) = 28*d(w) - 5*p(w). What is m(g)?
-14
Let x be (4 + 21/(-6))*1*-10. Let h(d) = -4*d**2 - 8*d + 15. Let u(s) = -7*s**2 - 16*s + 27. Let b(q) = x*h(q) + 3*u(q). Determine b(-6).
18
Suppose w + 2*b = 4*b - 4, 5*w = b + 25. Let v be (w - (-3 - -4))*1. Let x(q) = 9*q - 2. Let p(d) = 5*d - 1. Let z(y) = v*p(y) - 2*x(y). What is z(1)?
6
Let t(w) = -8*w - 439. Let s be t(-55). Suppose s = -8*x + 73. Let n(j) = -j + 18. Determine n(x).
9
Let s(w) = -w**2 - w + 2. Let l(u) = -5*u - 29. Let b = 44 + -49. Let v be l(b). Give s(v).
-10
Suppose -7*g = -5*g + 5*m + 16, -5*g + 3*m = -22. Let w(k) = k**3 - 10*k**2 + 5*k - 4. Let j be w(10). Let r(v) = -v + 88*v**2 - j*v**g - 58*v**2. Give r(-1).
-15
Suppose 8*x + 67 - 15 - 4 = 0. Let f(r) = -r**2 - 17*r - 55. Calculate f(x).
11
Let u = 1562 - 1556. Let w(y) = 8 - 2*y**2 + 0*y**2 - 2 + 8*y - 1. Determine w(u).
-19
Let r(l) be the third derivative of 1/6*l**3 + 0 + 0*l + 1/12*l**4 - 86*l**2 + 1/20*l**5 + 1/120*l**6. Calculate r(-2).
1
Let p(d) = -d + 2. Let y = 16606 + -16601. Determine p(y).
-3
Let o = 13 - 22. Let z(r) = 12 - 6*r**3 + 381*r - 390*r + 8*r**2 - 8 + 7*r**3. Determine z(o).
4
Let m(a) = a - 22. Let p be (24 + 4 + -23)/((-5)/6). Calculate m(p).
-28
Let s(i) = 10*i - 10. Let j(x) = 3*x**2 - 258*x + 511. Let c be j(2). Calculate s(c).
60
Suppose -227 = -2*b - 67. Let h(o) = -8*o**2 + 80*o - b*o + o**3 - 10. Give h(8).
-10
Let i be 5 + 24/(-3) + 4. Let u(f) be the third derivative of f**4/8 - f**3/6 - 74*f**2. Determine u(i).
2
Let l(z) = -6*z - 2. Let c(v) = -v - 3. Let t be c(-7). Let m be -12*(0 + t + -2). Let g = -27 - m. Give l(g).
16
Let t(r) = 27 - 92 - 30*r**2 + 5*r**2 + 13*r**2 + 13*r**2. What is t(7)?
-16
Let s(o) = -4 - 62 - 100 - 103 - 18*o + 33. Let l be s(-13). Let y(t) = -4*t**2 - 3*t + 2. Give y(l).
-8
Suppose -14*d + 12*d = -4. Let w(g) = -g**3 + 25 + 6*g**d + 7*g - 10 - 10. Calculate w(7).
5
Let z = -2361 - -2363. Let y(u) be the first derivative of -9/2*u**z + 0*u + 10. Calculate y(1).
-9
Let l = -11676 - -11671. Let b(v) = 3*v**2 + 13*v + 3. Give b(l).
13
Let s = 45 + -38. Let h(v) = -v**2 + 7*v + 16. Let r be h(s). Suppose -4*k + 10 = i - 8, 2*i - r = -3*k. Let u(w) = w**3 - 5*w**2 + 7*w - 4. Determine u(k).
8
Let p = -188 + 182. Let l(s) = 8*s - 151 - 9*s + 138. What is l(p)?
-7
Let i(k) be the first derivative of -5*k**2/2 + 79*k + 541. What is i(20)?
-21
Suppose -4*w = -w - 12. Let f(z) = 4 - 40*z**2 - 16*z**3 - 3*z**2 + 2*z + 0*z + 48*z**2 + 15*z**3. Determine f(w).
28
Let n(q) = -14*q**3 + 10*q**2 - 17*q - 73. Let o(k) = -5*k**3 + 3*k**2 - 6*k - 26. Let m(y) = -3*n(y) + 8*o(y). What is m(3)?
20
Let c(l) = 786 - 273 - l**2 - 11*l - 271 - 260. Give c(-4).
10
Let x(p) = 86*p**3 - 85*p**3 - 6*p + 4*p**2 + 4 + 3 + 8*p + 0*p**2. Calculate x(-4).
-1
Let w(b) be the third derivative of -b**5/20 + b**4/12 - 15*b**2 - 1. Suppose 49 = -2*m + 11. Let v = m + 22. What is w(v)?
-21
Let r(q) = -q**3 - 9*q**2 - 7*q + 6. Let v(b) = b**3 - 8*b - 4. Let a be v(5). Let t = a + -77. Suppose -64 = t*z + 4*z. Determine r(z).
-2
Let r = -519 + 519. Let c(f) = f**3 + f**2 + f + 11. Give c(r).
11
Suppose 0 = 2*r + 17 - 25. Let h(q) be the third derivative of -1/60*q**5 + 0 + 1/6*q**3 + 0*q + 1/6*q**4 - 2*q**2. Give h(r).
1
Let i(g) = -g**2 + g + 10. Let n(d) = d**3 - 3*d**2 - 2*d + 4. Let u be n(0). Let l be i(u). Let z(x) = x. Determine z(l).
-2
Let p(u) = 2*u**2 + 7*u + 10. Let g be p(-2). Suppose -4*n - 5*t = 35, 4*n + 43 = -g*t + 7. Let l(m) = m**3 + 11*m**2 + 10*m - 12. What is l(n)?
-12
Let j(b) = -14*b - 1. Let f(w) = -5*w. Let r(q) = -17*f(q) + 6*j(q). Let s = 264 + -252. Suppose 0 = 4*v + v - 3*z - 39, s = 4*v + 4*z. Give r(v).
0
Let m(i) = 2944 + 2*i**2 + 0*i + 26*i - 2859 - 7*i + 10*i. Let f be m(-10). Let y(w) = -5*w - 20. Determine y(f).
5
Let o(a) = -25*a**3 + 16*a**2 - 14. Let q(w) = -9*w**3 + 5*w**2 - 5. Let c(t) = -4*o(t) + 11*q(t). Give c(9).
1
Suppose -69*u - 20*u = 356. Let p(l) = -4*l**2 - 5*l + 1. Calculate p(u).
-43
Suppose -5*x = q - 15, -5*q = -2*x + 6*x - 33. Let y(b) = -9*b**2 + 2*b**x + 3*b**2 - 3*b + 5*b**2 - 4. Give y(3).
-4
Let p(u) = u**2 - 10. Let x = 265 + -257. Suppose -4*g + 16 = -4*d, -3*d - g + 20 = 4*g. Suppose d = -a + f - 2, -x*a + 4*a = 3*f - 6. What is p(a)?
-10
Let x(i) = -4*i**2 - 25 - 5*i - i**2 - 39148220*i**3 + 39148221*i**3. What is x(6)?
-19
Let s = -5170 + 5180. Let w(r) = r**3 - 10*r**2 + 3. Give w(s).
3
Let n(y) = -82*y**2 + 50*y - 307. Let f(w) = 18*w**2 - 12*w + 77. Let z(m) = -9*f(m) - 2*n(m). Determine z(-9).
11
Suppose -3*n = 5*a - 0*n - 4, 0 = -2*a + n + 6. Let m be (a + 4)*(-4)/40*-5. Let h(d) = -d**3 + 3*d**2 - 3. Give h(m).
-3
Let u(k) be the first derivative of -k**4/4 - 5*k**3/3 + 3*k**2 - 4*k + 1. Let i = 146484 - 146490. Determine u(i).
-4
Let f(w) = -8*w - 95. Let k be f(16). Let u = -221 - k. Let p(h) be the first derivative of h**2 - h - 1. Calculate p(u).
3
Let n(k) = -k - 10*k**3 + 2*k**2 - 13*k**3 + 4*k**3. Let f be (1/2 - 1)*(-22 + 100/5). What is n(f)?
-18
Let p(r) = 3*r**2 + r. Let a(h) = 7*h**2 + 2*h - 4. Let d(b) = 3*b**2 + b - 2. Let l(k) = 2*a(k) - 5*d(k). Let j(f) = -2*l(f) - p(f). Calculate j(0).
-4
Let a be 20/35 + ((-124)/(-14))/2. Let y be a/((-180)/117)*-4. Let x(q) = -2*q + 24. What is x(y)?
-2
Let c(z) = -z**3 + 2*z**2 + 1. Let s(g) = 2*g**3 - 12*g**2 - 7*g - 6. Let y(h) = -3*c(h) - s(h). Let u = 21 - 26. Give y(u).
-7
Let q = -209 + 213. Let u(s) = 0*s**3 + 9*s - 5*s - 11 - 9 + s**3 + 19 - 5*s**2. Give u(q).
-1
Let h(g) = -5*g**2 + 1. Let k(m) = 14*m**2 + 44*m + 1032. Let s(q) = -3*h(q) - k(q). Give s(61).
2
Let n(d) = -43*d + 19. Let x(f) = -31*f + 12. Let z(h) = -5*n(h) + 8*x(h). Give z(-1).
34
Let h be (6/5)/(14/10 + -1). Let f(b) = 3 - 9*b**2 + 0*b**3 + 10*b**2 - h*b + b**3. Let z = -9 + 11. What is f(z)?
9
Let u = -49 - -64. Let g be 24/6 + (u - 2). Let w(x) = 14 + g - 28*x**2 - 30. Give w(-1).
-27
Let g(a) be the first derivative of a**3/3 + 5*a**2/2 - 12*a - 4177. Determine g(-3).
-18
Let f be 2 + -1 + (1 - 1) + 2. Let a(s) = -3*s**2 - s**2 + 2*s**